{"id":1368,"date":"2015-10-06T11:39:18","date_gmt":"2015-10-06T10:39:18","guid":{"rendered":"http:\/\/www.orgevalreims.org\/?page_id=1368"},"modified":"2022-12-15T20:59:06","modified_gmt":"2022-12-15T18:59:06","slug":"contact","status":"publish","type":"page","link":"https:\/\/www.orgevalreims.org\/?page_id=1368","title":{"rendered":"CONTACT"},"content":{"rendered":"<p style=\"text-align: center;\">N\u2019h\u00e9sitez pas \u00e0 nous envoyez un message pour toute question, vous pouvez nous soumettre un article, une photo ou encore une vid\u00e9o, ou tout simplement pour nous dire bonjour.<\/p>\n<p>Si vous souhaitez \u00eatre b\u00e9n\u00e9vole pour l\u2019association CREADEV, merci de prendre contact avec nous par t\u00e9l\u00e9phone ou mail :<\/p>\n<p>T\u00e9l\u00e9phone : 0683126691<\/p>\n<p>Mail : creadev51@gmail.com<\/p>\n<p>&nbsp;<\/p>\n<style>\/*! elementor - v3.6.5 - 27-04-2022 *\/<br \/>.elementor-widget-image{text-align:center}.elementor-widget-image a{display:inline-block}.elementor-widget-image a img[src$=\".svg\"]{width:48px}.elementor-widget-image img{vertical-align:middle;display:inline-block}<\/style>\n<p><img loading=\"lazy\" decoding=\"async\" src=\"https:\/\/www.orgevalreims.org\/wp-content\/uploads\/2022\/06\/188069150_4192525110803500_8575878959390597621_n.jpg\" sizes=\"auto, (max-width: 960px) 100vw, 960px\" srcset=\"https:\/\/www.orgevalreims.org\/wp-content\/uploads\/2022\/06\/188069150_4192525110803500_8575878959390597621_n.jpg 960w, https:\/\/www.orgevalreims.org\/wp-content\/uploads\/2022\/06\/188069150_4192525110803500_8575878959390597621_n-300x203.jpg 300w, https:\/\/www.orgevalreims.org\/wp-content\/uploads\/2022\/06\/188069150_4192525110803500_8575878959390597621_n-768x518.jpg 768w\" alt=\"\" width=\"960\" height=\"648\" \/><\/p>\n<style>\/*! elementor - v3.6.5 - 27-04-2022 *\/<br \/>.elementor-heading-title{padding:0;margin:0;line-height:1}.elementor-widget-heading .elementor-heading-title[class*=elementor-size-]>a{color:inherit;font-size:inherit;line-height:inherit}.elementor-widget-heading .elementor-heading-title.elementor-size-small{font-size:15px}.elementor-widget-heading .elementor-heading-title.elementor-size-medium{font-size:19px}.elementor-widget-heading .elementor-heading-title.elementor-size-large{font-size:29px}.elementor-widget-heading .elementor-heading-title.elementor-size-xl{font-size:39px}.elementor-widget-heading .elementor-heading-title.elementor-size-xxl{font-size:59px}<\/style>\n<h3>Qui sommes-nous ?<\/h3>\n<p style=\"box-sizing: inherit; font-size: 17px; font-style: normal; caret-color: #4b4f58; color: #4b4f58; font-family: Karla, sans-serif;\">Notre association a pour but d\u2019accompagner le projet de renouvellement du quartier Orgeval de la ville de Reims, de suivre l&rsquo;actualit\u00e9 du quartier, de partager la m\u00e9moire du quartier, de collecter tout ce qui concernant la m\u00e9moire du quartier, de transmettre cette m\u00e9moire ( document, vid\u00e9os, photos)<\/p>\n<p style=\"box-sizing: inherit; font-size: 17px; font-style: normal; caret-color: #4b4f58; color: #4b4f58; font-family: Karla, sans-serif;\">Pour cela, nous proposons ce site internet rempli avec les dossiers que nous avons recueilli sur la m\u00e9moire du quartier. Des archives remontant \u00e0 sa construction en 1962.<\/p>\n<p style=\"box-sizing: inherit; font-size: 17px; font-style: normal; caret-color: #4b4f58; color: #4b4f58; font-family: Karla, sans-serif;\">Nous organisons \u00e9galement des expositions photo ainsi que des projections d\u2019archive ( orgeval vu la TV, \u2026 ), nous mettons en place des actions culturelles dans le quartier.<\/p>\n<p style=\"box-sizing: inherit; font-size: 17px; font-style: normal; caret-color: #4b4f58; color: #4b4f58; font-family: Karla, sans-serif;\">Nous proposons enfin La Navette d\u2019Orgeval, un journal local sur l\u2019actualit\u00e9 du quartier.<\/p>\n<p style=\"box-sizing: inherit; font-size: 17px; font-style: normal; caret-color: #4b4f58; color: #4b4f58; font-family: Karla, sans-serif;\">Depuis quelques ann\u00e9es maintenant, nous accompagnons le projet GRAIN D\u2019ORG carr\u00e9 de biodiversit\u00e9 cr\u00e9e \u00e0 Orgeval par Reims\u00a0habitat.<\/p>\n<h3>Nos coordonn\u00e9es<\/h3>\n<p>41 Rue du Docteur Albert Schweitzer51100 Reims<\/p>\n<p style=\"box-sizing: inherit; font-size: 17px; font-style: normal; caret-color: #4b4f58; color: #4b4f58; font-family: Karla, sans-serif; text-align: -webkit-center;\">0683126691<\/p>\n<p style=\"box-sizing: inherit; font-size: 17px; font-style: normal; caret-color: #4b4f58; color: #4b4f58; font-family: Karla, sans-serif; text-align: -webkit-center;\">creadev51@gmail.com<\/p>\n<p><img loading=\"lazy\" decoding=\"async\" src=\"https:\/\/www.orgevalreims.org\/wp-content\/uploads\/2022\/05\/logocreadev-1-150x150.png\" sizes=\"auto, (max-width: 150px) 100vw, 150px\" srcset=\"https:\/\/www.orgevalreims.org\/wp-content\/uploads\/2022\/05\/logocreadev-1-150x150.png 150w, https:\/\/www.orgevalreims.org\/wp-content\/uploads\/2022\/05\/logocreadev-1-300x300.png 300w, https:\/\/www.orgevalreims.org\/wp-content\/uploads\/2022\/05\/logocreadev-1-995x993.png 995w, https:\/\/www.orgevalreims.org\/wp-content\/uploads\/2022\/05\/logocreadev-1-768x766.png 768w, https:\/\/www.orgevalreims.org\/wp-content\/uploads\/2022\/05\/logocreadev-1-1536x1532.png 1536w, https:\/\/www.orgevalreims.org\/wp-content\/uploads\/2022\/05\/logocreadev-1-230x230.png 230w, https:\/\/www.orgevalreims.org\/wp-content\/uploads\/2022\/05\/logocreadev-1-365x365.png 365w, https:\/\/www.orgevalreims.org\/wp-content\/uploads\/2022\/05\/logocreadev-1.png 1614w\" alt=\"logo creadev\" width=\"150\" height=\"150\" \/><\/p>\n","protected":false},"excerpt":{"rendered":"<p>N\u2019h\u00e9sitez pas \u00e0 nous envoyez un message pour toute question, vous pouvez nous soumettre un article, une photo ou encore une vid\u00e9o, ou tout simplement &hellip;<\/p>\n","protected":false},"author":2,"featured_media":0,"parent":0,"menu_order":0,"comment_status":"closed","ping_status":"closed","template":"","meta":{"_themeisle_gutenberg_block_has_review":false,"footnotes":""},"class_list":["post-1368","page","type-page","status-publish","hentry"],"_links":{"self":[{"href":"https:\/\/www.orgevalreims.org\/index.php?rest_route=\/wp\/v2\/pages\/1368","targetHints":{"allow":["GET"]}}],"collection":[{"href":"https:\/\/www.orgevalreims.org\/index.php?rest_route=\/wp\/v2\/pages"}],"about":[{"href":"https:\/\/www.orgevalreims.org\/index.php?rest_route=\/wp\/v2\/types\/page"}],"author":[{"embeddable":true,"href":"https:\/\/www.orgevalreims.org\/index.php?rest_route=\/wp\/v2\/users\/2"}],"replies":[{"embeddable":true,"href":"https:\/\/www.orgevalreims.org\/index.php?rest_route=%2Fwp%2Fv2%2Fcomments&post=1368"}],"version-history":[{"count":29,"href":"https:\/\/www.orgevalreims.org\/index.php?rest_route=\/wp\/v2\/pages\/1368\/revisions"}],"predecessor-version":[{"id":7331,"href":"https:\/\/www.orgevalreims.org\/index.php?rest_route=\/wp\/v2\/pages\/1368\/revisions\/7331"}],"wp:attachment":[{"href":"https:\/\/www.orgevalreims.org\/index.php?rest_route=%2Fwp%2Fv2%2Fmedia&parent=1368"}],"curies":[{"name":"wp","href":"https:\/\/api.w.org\/{rel}","templated":true}]}}